{"id":31,"date":"2016-12-29T20:44:54","date_gmt":"2016-12-29T19:44:54","guid":{"rendered":"http:\/\/von-den-woelfen.com\/wordpress\/?page_id=31"},"modified":"2018-05-18T12:18:07","modified_gmt":"2018-05-18T10:18:07","slug":"impressum","status":"publish","type":"page","link":"https:\/\/von-den-woelfen.com\/index.php\/impressum\/","title":{"rendered":"Impressum"},"content":{"rendered":"<h1>Impressum<\/h1>\n<p><strong>Angaben gem\u00e4\u00df \u00a7 5 TMG:<\/strong><\/p>\n<p>Thomas Lapp<\/p>\n<p><strong>Postanschrift:<\/strong><br \/>\nWonnecker Stra\u00dfe 23a<br \/>\n61130 Nidderau<\/p>\n<p><strong>Kontakt:<\/strong><\/p>\n<p>Telefon: 01708037688<br \/>\nE-Mail: lapp.th61@arcor.de<\/p>\n<p>&nbsp;<\/p>\n<p>Rechtliche Hinweise<\/p>\n<p>Im Falle von Namensrecht\/Domainstreitigkeiten, evtl. Copyright-Verletzungen etc. bitten wir Sie, zur Vermeidung unn\u00f6tiger Rechtsstreite und Kosten, uns bereits im Vorfeld zu kontaktieren. Die Kostennote einer anwaltlichen Abmahnung ohne vorhergehende Kontaktaufnahme wird im Sinne der Schadenminderungspflicht als unbegr\u00fcndet zur\u00fcckgewiesen. Unberechtigte Abmahnungen und \/ oder Unterlassungserkl\u00e4rungen werden direkt mit einer negativen Feststellungsklage beantwortet.<\/p>\n<p>E-Mails<br \/>\nWie Sie wissen, k\u00f6nnen Anbieter das Internet versandte E-Mails unter fremden Namen erstellt oder manipuliert werden. Aus diesem Grund sind meine mit E-Mail verschickten Nachrichten grunds\u00e4tzlich keine rechtsverbindlichen Willenserkl\u00e4rungen, es sei denn, es wird ausdr\u00fccklich darauf hingewiesen. Hier gilt in der Regel die schriftliche Form.<\/p>\n<p>Haftung f\u00fcr Inhalte<br \/>\nDie Inhalte meiner Seiten wurden mit gr\u00fcnlichsterter Sorgfalt erstellt. F\u00fcr die Richtigkeit, Vollst\u00e4ndigkeit und Aktualit\u00e4t der Inhalte kann ich jedoch keine Gew\u00e4hr \u00fcbernehmen.<\/p>\n<p>Als Diensteanbieter bin ich gem\u00e4\u00df \u00a7 6 Abs.1 MDStV und \u00c2\u00a7 8 Abs.1 TDG f\u00fcr eigene Inhalte auf diesen Seiten nach den allgemeinen Gesetzen verantwortlich. Diensteanbieter sind jedoch nicht verpflichtet, die von ihnen \u00fcbermittelten oder gespeicherten fremden Informationen zu \u00fcberwachen oder nach Umst\u00e4nden zu forschen, die auf eine rechtswidrige T\u00e4tigkeit hinweisen. Verpflichtungen zur Entfernung oder Sperrung der Nutzung von Informationen nach den allgemeinen Gesetzen bleiben hiervon unber\u00fchrt. Eine diesbez\u00fcgliche Haftung ist jedoch erst ab dem Zeitpunkt der Kenntnis einer konkreten Rechtsverletzung m\u00f6glich. Bei bekannt werden von entsprechenden Rechtsverletzungen werden wir diese Inhalte umgehend entfernen.<\/p>\n<p>Haftung f\u00fcr Links<br \/>\nMein Angebot enth\u00e4lt Links zu externen Webseiten Dritter, auf deren Inhalte ich keinen Einflu\u00df habe. Deshalb kann ich f\u00fcr diese fremden Inhalte auch keine Gew\u00e4hr \u00fcbernehmen. F\u00fcr die Inhalte der verlinkten Seiten ist stets der jeweilige Anbieter oder Betreiber der Seiten verantwortlich.<\/p>\n<p>Die verlinkten Seiten wurden zum Zeitpunkt der Verlinkung auf m\u00f6gliche Rechtsverst\u00f6se \u00fcberpr\u00fcft. Rechtswidrige Inhalte waren zum Zeitpunkt der Verlinkung nicht erkennbar. Eine permanente inhaltliche Kontrolle der verlinkten Seiten ist jedoch ohne konkrete Anhaltspunkte einer Rechtsverletzung nicht zumutbar. Bei bekannt werden von Rechtsverletzungen werden wir derartige Links umgehend entfernen.<\/p>\n<p>Urheberrecht<br \/>\nDer Betreiber der Seiten ist bem\u00fcht, stets die Urheberrechte anderer zu beachten bzw. auf selbst erstellte sowie lizenzfreie Werke zur\u00fcckzugreifen. Sollte hier ein Fehler auf meinen Seiten vorliegen, so bitte ich, mich darauf hinzuweisen. Ich werde dieses umgehend korrigieren.<br \/>\nDie durch die Seitenbetreiber erstellten Inhalte und Werke auf diesen Seiten unterliegen dem deutschen Urheberrecht. Beitr\u00e4ge Dritter sind als solche gekennzeichnet. Die Vervielf\u00e4ltigung, Bearbeitung, Verbreitung und jede Art der Verwertung au\u00dferhalb der Grenzen des Urheberrechtes bed\u00fcrfen der schriftlichen Zustimmung des jeweiligen Autors bzw. Erstellers. Downloads und Kopien dieser Seite sind nur f\u00fcr den privaten, nicht kommerziellen Gebrauch gestattet.<\/p>\n<p>Datenschutz<br \/>\nSoweit auf meinen Seiten personenbezogene Daten (beispielsweise Name, Anschrift oder eMail-Adressen) erhoben werden, erfolgt dies soweit m\u00f6glich stets auf freiwilliger Basis. Die Nutzung der Angebote und Dienste ist, soweit m\u00f6glich, stets ohne Angabe personenbezogener Daten m\u00f6glich.<\/p>\n<p>Der Nutzung von im Rahmen der Impressumspflicht ver\u00f6ffentlichten Kontaktdaten durch Dritte zur \u00fcbersendung von nicht ausdr\u00fccklich angeforderter Werbung und Informationsmaterialien wird hiermit ausdr\u00fccklich widersprochen. Der Betreiber der Seiten beh\u00e4lt sich ausdr\u00fccklich rechtliche Schritte im Falle der unverlangten Zusendung von Werbeinformationen, etwa durch Spam-Mails, vor.<\/p>\n<p>Quelle: Haftungsauschluss von eRecht24 &#8211; Portal zum Internetrecht<\/p>\n","protected":false},"excerpt":{"rendered":"<p>Impressum Angaben gem\u00e4\u00df \u00a7 5 TMG: Thomas Lapp Postanschrift: Wonnecker Stra\u00dfe 23a 61130 Nidderau Kontakt: Telefon: 01708037688 E-Mail: lapp.th61@arcor.de &nbsp; Rechtliche Hinweise Im Falle von Namensrecht\/Domainstreitigkeiten, evtl. Copyright-Verletzungen etc. bitten wir Sie, zur Vermeidung unn\u00f6tiger Rechtsstreite und Kosten, uns bereits im Vorfeld zu kontaktieren. Die Kostennote einer anwaltlichen Abmahnung ohne vorhergehende Kontaktaufnahme wird im Sinne [&hellip;]<\/p>\n","protected":false},"author":1,"featured_media":0,"parent":0,"menu_order":0,"comment_status":"closed","ping_status":"closed","template":"","meta":{"footnotes":""},"_links":{"self":[{"href":"https:\/\/von-den-woelfen.com\/index.php\/wp-json\/wp\/v2\/pages\/31"}],"collection":[{"href":"https:\/\/von-den-woelfen.com\/index.php\/wp-json\/wp\/v2\/pages"}],"about":[{"href":"https:\/\/von-den-woelfen.com\/index.php\/wp-json\/wp\/v2\/types\/page"}],"author":[{"embeddable":true,"href":"https:\/\/von-den-woelfen.com\/index.php\/wp-json\/wp\/v2\/users\/1"}],"replies":[{"embeddable":true,"href":"https:\/\/von-den-woelfen.com\/index.php\/wp-json\/wp\/v2\/comments?post=31"}],"version-history":[{"count":4,"href":"https:\/\/von-den-woelfen.com\/index.php\/wp-json\/wp\/v2\/pages\/31\/revisions"}],"predecessor-version":[{"id":1586,"href":"https:\/\/von-den-woelfen.com\/index.php\/wp-json\/wp\/v2\/pages\/31\/revisions\/1586"}],"wp:attachment":[{"href":"https:\/\/von-den-woelfen.com\/index.php\/wp-json\/wp\/v2\/media?parent=31"}],"curies":[{"name":"wp","href":"https:\/\/api.w.org\/{rel}","templated":true}]}}